omposite?
False
Let j = 151 - -316. Is j composite?
False
Is (-79 + 26)/((-1)/3 - 0) composite?
True
Let a be (-2)/(-6)*(6 - 0). Suppose 24 + 22 = a*m. Is m a prime number?
True
Suppose 3*y = 4*o + o + 40, 4*o = y - 25. Let q(x) = x**3 - 2*x**2 - 5*x + 3. Is q(y) composite?
False
Suppose 2*h + a - 489 = 0, -6*h + 1190 = -h - 4*a. Suppose 4*k - b = 152, 4*k + 5*b = -k + 215. Let s = h - k. Is s a prime number?
False
Let t be (4 - 4)/((-2)/(-2)). Suppose 4*b - 4 - 360 = t. Suppose 0 = -4*n + 49 + b. Is n composite?
True
Let u = 20 - 50. Is 8385/u*(-3 - -1) a composite number?
True
Is (-18968)/28*-1 + (-6)/14 a prime number?
True
Let d(h) = 49*h + 18. Is d(15) a prime number?
False
Let q(w) = 25 - w + 16 + 12. Suppose 2*k = -2*k. Is q(k) prime?
True
Suppose 13*u - 6*u = 1743. Is u composite?
True
Let m = -277 + 404. Is m a composite number?
False
Suppose 2*p + 4*u = 12, -3*p + 2*u = -u. Suppose -3*z + 245 = -4*v, -7*z + 2*z = -p*v - 399. Suppose -h + z = -0*h. Is h composite?
False
Let p be ((-2)/4)/((-1)/586). Let f = p + 14. Is f prime?
True
Let w = -952 + 1773. Is w a composite number?
False
Is (2 - 0)/((-6)/(-3147)) a prime number?
True
Let l = -4 + 4. Suppose l*c + 8 = -3*z + c, -z + 4*c = 21. Is 2 + z + (-4 - -58) a prime number?
False
Let j = -1 + 4. Let h = 2 - 3. Is j + -1 - (h - 12) a composite number?
True
Suppose 0 = l - 4*r - 3, -4*l - 18 = -6*l - 4*r. Is l composite?
False
Is 3*((-1)/3 - 3370/(-15)) prime?
True
Suppose 278 = -3*h + 1055. Is h a composite number?
True
Let s be -1 - 1/(2/(-2)). Suppose 0 = -5*v - s*v + 4*o, -4*v + o = 0. Suppose v = -2*g + 6*g - 56. Is g a prime number?
False
Let n = 103 + -4. Suppose n = 2*t + t. Is t a prime number?
False
Let z = -2464 - -3455. Is z a composite number?
False
Let c = 347 + -88. Is c a prime number?
False
Let n = 666 - 152. Is n composite?
True
Let v(s) = s**2 + 3*s + 1. Let m be v(-2). Is 15 + 1/m + 0 a composite number?
True
Let d = 13 + 176. Suppose 5*p + 3*v - 952 = -0*v, p + 2*v = d. Is p prime?
True
Let t(x) = x - 14. Let z be t(7). Let r(u) = 8*u + 25. Let g(i) = 4*i + 13. Let f(k) = 11*g(k) - 6*r(k). Is f(z) composite?
True
Let f be 3*-4*(-2)/12. Suppose -f*p + 0*s + 152 = -4*s, -4*s = 5*p - 450. Is -4 + 3 - -1*p prime?
False
Suppose 2*l + 2*i - 20 = -l, -35 = -5*l - 5*i. Let n be 3/1*140/l. Suppose -5*u + 0*t + n = 5*t, -u - 5*t + 14 = 0. Is u a prime number?
False
Let d be (3 + 27/(-7))*-7. Suppose -3*c + d = 0, 7 = 2*t + 3*c - 61. Is t prime?
True
Suppose 3*t = -2*t + 2675. Is t a composite number?
True
Let x(i) = -i**3 - 5*i**2 - 9*i - 13. Is x(-6) prime?
False
Is (-5 - -7)/((-4)/(-586)) composite?
False
Let k = 986 - 450. Suppose 5*c = -3*y + 344, y = 6*y - c - k. Suppose 4*n - 35 = a + y, 5*a = -5*n + 160. Is n a prime number?
False
Let j = -269 - -380. Is j composite?
True
Let v = 14 - 9. Suppose -2*b = -4*m + 1068, 1361 = v*m + b + 3*b. Is m prime?
True
Let g = 2088 + -1021. Is g a composite number?
True
Let w be 0 + (6 - (1 - -1)). Suppose v = -2*l + 19, w*l - 18 - 21 = -3*v. Suppose 3*s = 3*q - l, 3*q + 5*s = 40 + 1. Is q prime?
True
Is 7/49 + (-5557)/(-7) + -1 a composite number?
True
Let a = -7 + 11. Suppose a + 4 = -c. Is (c/10)/((-4)/290) prime?
False
Suppose 0 = 5*z + 3*u - 60 + 156, -4*u - 62 = 3*z. Let a = z - -57. Is a a composite number?
True
Let r(h) = 105*h + 5. Let j be r(-4). Let w = -224 - j. Is w a prime number?
True
Let z be (-32)/(-20) + 4/10. Let i be 2 - z - 2 - -8. Suppose 2*n - 4*o - 130 = 0, i*o + 244 = 4*n + 2*o. Is n prime?
False
Let r(z) = -z**3 + 2*z**2 - z - 3. Let x(p) = p**3 + 3*p**2 - 2*p + 4. Let c be x(-4). Is r(c) a composite number?
False
Suppose 0 = -3*s + d + 17, -3*s - 2*d - 13 = 3*d. Suppose -24 = -s*i + 3*c, -5*i - 4*c - 1 = -0*c. Is i a prime number?
True
Let u = -2 - -2. Suppose k - y + 5 = u, -4*y + y = -15. Is (k - 1)*0 - -157 a composite number?
False
Suppose 0 = -7*q - 3*q + 510. Is q a composite number?
True
Let a(t) = -66*t + 3. Let r(g) = 67*g - 3. Let m(f) = 5*a(f) + 4*r(f). Is m(-10) a composite number?
True
Suppose -o + 20 = 4*w - 0*w, 4*o - 20 = -w. Suppose 2*v = 8, w*c + 0*v + 3*v = 72. Is c prime?
False
Suppose -2*u - 2*u = -24. Let h be -32*3/(u/4). Let d = 153 + h. Is d composite?
False
Is (-3)/15 - (-23756)/5 prime?
True
Suppose -5*x = -5 - 0. Is 3 - x - (-1179)/9 prime?
False
Let o = -2 - -4. Let h be o/(-8) - (-30)/(-8). Is h/(-14) + 2082/14 prime?
True
Suppose 4*c - 23 = -3*d, 2*d - 21 = -4*c + d. Suppose x = c*x - 520. Suppose -25 + x = 5*k. Is k a prime number?
False
Let o(t) = 3*t + 5 - t - 4. Let r be (-4)/(-10) + 161/35. Is o(r) prime?
True
Let s(r) = -21*r - 2. Suppose 2*p + 8 = p. Is s(p) a prime number?
False
Let k(p) = -5*p - 4. Let b be k(-5). Suppose 3*c = 6*c - b. Suppose c = 5*y - 48. Is y a prime number?
True
Let x = 17 - 12. Suppose -4*q + 401 = -d + 2*d, -124 = -q - x*d. Suppose 5*j + 4*z = q, 3*z + 43 + 11 = 3*j. Is j composite?
False
Let v(r) be the second derivative of r**5/20 - 7*r**4/12 + 3*r**3/2 - 4*r**2 - 2*r. Let n be v(6). Is (138/n)/((-2)/(-10)) a prime number?
False
Let g(j) = -9 + j**3 - 2*j**3 - j + 11*j**2 - 3*j. Suppose n = 5*s + 35, 5*n + 2*s + 10 - 50 = 0. Is g(n) a prime number?
False
Let w = -49 - -69. Let p be (w/(-16))/(2/24). Is ((-87)/5)/(3/p) prime?
False
Let i(y) = 12*y - 2. Let t be i(-10). Let k = 449 + t. Is k a composite number?
True
Suppose 347 = 3*b + k, 4*b + k - 468 = -3*k. Is b composite?
True
Suppose -21 = 2*z + 2*j + 3, -3*z + 4*j = 8. Let o be (-2)/(-11) - z/(-44). Suppose v + 3*q = -o*q + 4, -5*q = -3*v + 26. Is v prime?
True
Let d(l) = l**2 - 3*l. Let s be d(4). Suppose s*q - 3*q + 73 = 0. Let b = 88 - q. Is b a prime number?
False
Let g = 382 - 123. Is g a prime number?
False
Let d(v) = 11*v**2 + 9*v - 3. Let i be d(-8). Suppose 4*o - 879 = i. Suppose 0 = -5*n + 2*w + o, 4*n = w - 3*w + 316. Is n prime?
False
Suppose -18 + 55 = -2*l + m, -9 = -3*m. Let k = -42 + 74. Let p = k + l. Is p a composite number?
True
Suppose 0 = 4*m + b - 3*b - 660, m = -4*b + 156. Suppose m = 5*z + 2*j - 505, 3*j = 6. Is z composite?
True
Let w(o) = 9*o**2 + 3*o - 5. Is w(-4) prime?
True
Is (-3)/(9/(-339)) - 2 prime?
False
Suppose -2030 - 678 = -4*h. Is h prime?
True
Suppose -t - 12 = -4*x - 4, -t + 5*x - 11 = 0. Suppose 0 = -t*k - k + 565. Is k a prime number?
True
Is (-5)/((-10)/(-3659))*-2 a composite number?
False
Let o(g) be the third derivative of 71*g**5/30 + g**4/12 - g**3/6 - 2*g**2. Is o(1) a prime number?
False
Let n(u) = 12*u**3 - 5*u**2 + 3*u + 5. Is n(3) prime?
True
Let v be 9*(32/(-12) + 3). Is 55/v + (-2)/(-3) composite?
False
Suppose -9*s + 6*s = -3. Let a be (-9 - s)*(-4)/10. Suppose -2*n = -a*n + 68. Is n a composite number?
True
Let i = 4 + -6. Let u be (i/2 - -2) + -3. Is 1 - 1*1*u composite?
False
Is 5/(2 - 351/177) prime?
False
Let j(c) = -3*c**2 + 14*c - 5. Let q be j(10). Let t = 247 + q. Is t a composite number?
True
Suppose 9 = -4*p + 3*u, p + u - 3 = -p. Let r be 21 + -1 + p/2. Suppose 0 = -s + 3*s - r. Is s composite?
True
Suppose 0 = w - 2*l - 21, w - 2*l = 2*l + 21. Suppose 4*u + 49 = w. Let a = 7 - u. Is a a prime number?
False
Suppose 2*j + 35 - 93 = 0. Let o = 43 - j. Is o composite?
True
Let s(p) = -p - 1. Let y be s(-4). Let f be (66/y - -1)*-1. Is (f/(-4))/(3/36) prime?
False
Let n(l) = 4*l + 2. Let j be (8/14)/((-4)/(-14)). Let m(h) = 3*h - 1. Let y be m(j). Is n(y) a prime number?
False
Let i(m) be the first derivative of -m**2/2 + m - 4. Let o be i(6). Let c = o + 24. Is c prime?
True
Suppose -3*g + 0 = 9. Let y(v) = v**3 + 2*v**2 - 5*v - 2. Let q be y(g). Suppose -q = 2*z - 54. Is z a prime number?
False
Suppose 5*h - 10*h = -4435. Is h a composite number?
False
Suppose 0 = 3*l - u - 475, 3*u - 495 = -0*l - 3*l. Suppose x + x - l = 0. Is 1 + (x - (-2 - -4)) a prime number?
True
Suppose 3*q = 2*q - 2. Let t be (-2)/4 + (-83)/q. Suppose o - v - 50 = 0, -2*o - t = -3*o + 4*v. Is o a composite number?
False
Let x = -3 + 18. Is x prime?
False
Suppose -5*q = -4*q + 4, -2*z + 5*q + 134 = 0. Let w = 112 - z. Is w composite?
True
Suppose 0 = 4*k + 2957 - 18913. Is k composite?
False
Let h(u) = 296*u**2 - 1. Is h(1) composite?
True
Let a = -16 - -18. Suppose 988 = 2*v + a*v. Is v prime?
False
Let l be 2/3 - (-8)/(-12). Suppose l = 4*a + 1 